/(-56) + 7 + -14)/(1/(-4)). Calculate the greatest common divisor of h and 1030.
5
Suppose -118134*o - 290000 = -118163*o. Calculate the highest common factor of 20 and o.
20
Let i = -2840 - -3130. What is the greatest common factor of 435 and i?
145
Suppose -2*m = -7*m + 5*c + 175, 115 = 4*m + c. Suppose -2*v - 2 = 4, 4*v = 4*d - 172. What is the highest common divisor of m and d?
10
Let g be 1 + 4 + -14 + 12/1. What is the greatest common divisor of 430 and g?
1
Suppose -x + 27 = 4*x + 4*h, h = 3. Suppose -x*n + 34 = w - 8*n, -4*w = 4*n - 64. Let m = w + 4. Calculate the highest common divisor of m and 92.
23
Let c = 466 + -464. Suppose -o + f = -6, -2*o - 2*f - 6 = c*f. Calculate the highest common factor of 4 and o.
1
Let c = -923 - -934. Let s(h) = 58*h - 153. Let b be s(c). What is the highest common divisor of 5 and b?
5
Let g(t) = -2*t**2 - 61*t + 207. Let m be g(-27). What is the greatest common divisor of 1683 and m?
99
Let i(o) = -16*o**2 - 135*o + 15. Let y be i(-7). Let w(t) = t**2 + 2. Let u be w(3). Calculate the greatest common divisor of y and u.
11
Suppose m = 2*a - 69, -9*m + 7*m - 176 = -5*a. Let n(j) = j**2 - j - 1. Let d be n(2). What is the greatest common divisor of d and a?
1
Let g = 221 + -188. Let j = -21 + g. Calculate the greatest common divisor of 1 and j.
1
Let j(y) = 2*y**2 - 13*y - 85. Let u be j(16). Let b = -207 + u. What is the highest common divisor of 156 and b?
12
Let n = -6412 - -6482. What is the greatest common divisor of 6860 and n?
70
Let h(a) = 82 - 26 - 33 + a - 29. Let l be h(-1). Let i(u) = -u**3 - 4*u**2 + 6*u - 9. Let c be i(l). Calculate the highest common factor of 12 and c.
12
Suppose -105*l = 670 - 2035. What is the highest common divisor of l and 10673?
13
Suppose -5 = y, 370 = 4*b + y - 241. Suppose -a + 1 = 8. Let t = a + 29. What is the highest common factor of b and t?
22
Let g be (8/(-12) + 49/(-3))/(-1). Let t(m) = 15*m + g - 31*m + 17*m. Let f be t(-5). What is the highest common divisor of f and 12?
12
Suppose 10*w + 1513 = -4717. Let s = w - -628. What is the greatest common divisor of 25 and s?
5
Let z(w) = 5*w - 153. Let v be z(31). Suppose -2*k - v*q + 28 = 0, -5*k + 9*k - 3*q - 70 = 0. What is the highest common factor of k and 3?
1
Let j be (-135)/((-36)/4 + (-4738)/(-529)). Calculate the highest common divisor of 920 and j.
115
Suppose -7*n + 29 = 8. Suppose n*i = -i. Suppose 21*m - 17*m - 756 = i. Calculate the greatest common factor of m and 21.
21
Let p be (-1178 - -1179)*(-1 + 83*2). Suppose -127 = -3*x - g - 33, -70 = -3*x + 5*g. Calculate the highest common factor of p and x.
15
Let k be (-24)/(-30) - (-7848)/15. Let b = k - 420. Calculate the highest common factor of 13 and b.
13
Let r(i) = 106*i**3 + 2*i - 1. Let u be r(1). Suppose -43 = -5*a + u. What is the highest common factor of a and 12?
6
Suppose -4 = -3*k + 8. Let q be 1/(k/56*2). Let f be (6/18)/(-1)*-63. Calculate the highest common factor of f and q.
7
Let g = -893 + 1855. Calculate the highest common divisor of 52 and g.
26
Let g(l) = l**3 - 3*l**2 + 4*l + 2. Let s = -44 - -48. Let o be g(s). Suppose -425 = 17*b - 22*b. What is the greatest common factor of o and b?
17
Let w(o) = 2*o**2 + 45*o + 92. Let t be w(-2). What is the greatest common factor of t and 418?
2
Suppose 0 = 5*n - 35, -330*n = -4*w - 327*n + 363. Suppose -3*u + 2*h = -u - 14, 5*h - 13 = u. What is the greatest common divisor of u and w?
12
Let v be (-20217)/92*(-36)/27. What is the greatest common factor of 1 and v?
1
Let x = -95 - -626. Let d = x + -99. Suppose b + d = 13*b. What is the greatest common factor of b and 324?
36
Let s = -12627 + 21101. Calculate the highest common divisor of s and 669.
223
Suppose 0 = 5*n + c, -5*c = -3*n - 7 + 35. Let o be (1/n - -1)*(54 - 2). Calculate the highest common divisor of o and 260.
52
Let l = -35 + 34. Let z be 452/(-40)*2 + (-6)/(-10). Let k be (-246)/z + 9/11 + l. What is the greatest common factor of 77 and k?
11
Let v be 5/(-2 + 3) - (-2 + -64 - -1). What is the greatest common divisor of 77 and v?
7
Suppose -3*r + 46561 = -42*w + 43*w, 4*w = 2*r - 31022. Calculate the greatest common divisor of 21 and r.
21
Suppose 2*w = -w - 2*m + 5, 5*w + m = 6. Suppose -29 = -2*s + w. Suppose 3*u + u - 21 = t, -3*u + 10 = 5*t. Calculate the highest common divisor of u and s.
5
Let p be (-4)/(-16)*-3 - (-315)/4. What is the greatest common factor of 8 and p?
2
Let o be (5622/(-11))/((-556)/3058). What is the greatest common divisor of o and 3?
3
Let f = -188 + 159. Let d = -11 - f. Calculate the greatest common factor of d and 6.
6
Let c(i) = 50*i**3 + 9*i**2 - 7*i - 1. Suppose r - 5 = 5*o - 8*o, 4*o - 4*r = -4. Let b be c(o). What is the highest common factor of 663 and b?
51
Let b be -1 + 66 - -6*(-16)/(-12). Let f = 93 + -160. Let a = b + f. Calculate the highest common factor of 6 and a.
6
Let v be -8 + 4814/2 + 13. What is the highest common divisor of v and 60?
12
Suppose 44*i - 432 = 36*i. Suppose 0 = -2*a - i + 302. What is the highest common divisor of a and 310?
62
Let b(a) = 200*a - 3095. Let n be b(16). What is the highest common factor of n and 1185?
15
Suppose 898*y - 7661 = 735*y. What is the greatest common factor of 20539 and y?
47
Suppose 2*d = -w + 4, 0 - 5 = -5*d. Suppose 0 = -r + 1, b - 3*r - w*r - 1 = 0. What is the highest common factor of 6 and b?
6
Let f(g) = -10*g - 20. Let p be f(-3). Let n be (-3)/(6/(-4)) - 32. Let q be (n/8)/(p/(-160)). What is the highest common factor of q and 12?
12
Suppose 343 = 5*l + 13. Suppose 134*o - 132*o - l = 0. What is the highest common divisor of o and 209?
11
Suppose 4*y = -3*k + 114, 4*k - y - 159 - 31 = 0. Calculate the greatest common factor of 1817 and k.
23
Suppose 0 = 4*r - 3*g - 19292 - 13977, -8306 = -r + 3*g. What is the highest common factor of 53 and r?
53
Let t(x) = -34*x - 26. Let k be t(-5). Suppose -k = 22*c - 26*c. What is the highest common divisor of 132 and c?
12
Let z(w) = 4*w + 57. Let h be z(15). Let n be (-8)/18 - 19019/(-693). Calculate the greatest common divisor of n and h.
9
Suppose -17*v = -12*v - c - 14205, 0 = 4*v - 4*c - 11348. Calculate the highest common divisor of v and 98.
98
Let y(q) = 46*q - 223. Let r be y(5). Calculate the greatest common factor of 679 and r.
7
Suppose 6*g - 10*g = -132. Suppose -15*b + g = -12*b. Suppose 5*j = -89*d + 85*d + 821, 5*d - 2*j - 1051 = 0. Calculate the greatest common divisor of b and d.
11
Let y be 42/21 + 120 + (2 - -1). Let l = 140 - y. Calculate the greatest common divisor of 95 and l.
5
Let h be (-45 + 37)*(-8405)/8. What is the greatest common divisor of h and 205?
205
Suppose 3*j = 3*x - 3, 0 = 2*j - 4*x + 1 + 5. Let g(u) = 447*u**2 + 5*u - 4. Let q be g(j). Calculate the highest common factor of 64 and q.
64
Let a(f) = 211*f - 16. Let w be a(-3). Let m = -594 - w. What is the greatest common divisor of m and 495?
55
Let l(b) = b**2 - 25*b - 57. Let v be l(30). Let t = 122 - v. Calculate the highest common factor of t and 116.
29
Let o = -7 - 28. Let u = 231 + o. Let i = 590 + -562. What is the highest common factor of i and u?
28
Suppose 2*k = 497*u - 492*u - 12, 4*k + 3*u = 54. Suppose 3*q = 3*y + 1827, 5*y - 2457 = -4*q + 2*y. Calculate the greatest common divisor of k and q.
9
Let s(r) = -2*r + r + 3*r - 14 + 12. Let f(j) = -5*j + 5. Let d(q) = -3*f(q) - 10*s(q). Let v be d(-3). What is the highest common divisor of 50 and v?
10
Let n be 2 + (10 + 6633)/13. What is the highest common factor of 279 and n?
9
Let j be ((-10)/15)/(4/(-30)). Suppose -v = -2*c - 5, v + j*c - 40 = -4*v. Suppose -720 = -v*k + 4*k. What is the greatest common divisor of 20 and k?
20
Let j = -14420 + 14622. What is the greatest common factor of 5656 and j?
202
Let l(c) = 13*c + 31. Suppose 9*w - 39 = -5*k + 11*w, 0 = -2*k + 4*w + 6. Let f be l(k). Calculate the greatest common factor of 74 and f.
74
Let x(u) = 137*u**2 - 262*u + 9. Let n be x(2). Calculate the highest common divisor of 951 and n.
3
Let u = 241 + -164. What is the highest common divisor of 14 and u?
7
Let q = 4323 - 4287. What is the greatest common factor of q and 342?
18
Suppose -10350 = 2*f + 9*f - 34*f. Calculate the greatest common divisor of 1275 and f.
75
Suppose 5*l - 6*w - 1224 = 0, 14*l = 12*l + w + 498. Cal